ime?
False
Let f(i) = -2*i**3 - 14*i**2 - 14*i - 88. Let k be f(-12). Let a = k + 1151. Is a composite?
False
Let x = 511 - 520. Is 4/1 - 387927/x composite?
True
Is (105055 - 1)/((-8)/(-4)) + 4 prime?
False
Let i = -2374 - -1244. Let q = 4033 + i. Is q a prime number?
True
Let x be -4*21/(-28) - -4. Is x + 1 + (14643 - -48) prime?
True
Suppose 0 = -22*b + 45 - 67. Is 17/((-85)/20) + 21342 + b a composite number?
True
Let m(o) be the third derivative of 2101*o**4/3 - 49*o**3/6 + 127*o**2. Is m(1) composite?
False
Let p be (-45)/20*(-86912)/12. Is 3/5 + p/15 a prime number?
True
Is 281947*18/14 + 8/(-28) a composite number?
True
Let r(a) be the third derivative of 68*a**5/15 + 5*a**4/24 - 14*a**3/3 + 4*a**2 + 5. Is r(3) composite?
True
Let r = -247 - -249. Suppose -l = r*v - 14349, -7*l + 4*l - 5*v + 43046 = 0. Is l a prime number?
True
Let y(x) be the third derivative of x**6/120 + 7*x**5/30 + x**3/3 - 4*x**2. Let z be y(-14). Suppose -8*w = -z*w - 2046. Is w composite?
True
Let l be (-3)/(30/4) - 108/(-20). Suppose 3*g = u + 2*u - 2436, -l*g = 2*u + 4046. Let v = -429 - g. Is v prime?
False
Let j(z) = 695*z + 11. Let r(o) = 3*o + 16. Let w be r(-6). Let l be j(w). Let c = -886 - l. Is c composite?
True
Suppose 3*d - 9 = -0. Let l(y) = 43*y + d + 0 + 3 - 4. Is l(3) a composite number?
False
Let u(o) = -o**3 - 6*o**2 + 6*o - 1. Let k be u(-7). Suppose -g = g - k, -3124 = -2*c - 2*g. Is c prime?
True
Let v(t) = -4410*t**3 + 7*t**2 - 12*t - 235. Is v(-6) composite?
False
Let y be 6 - (0 + (1 - 0)). Suppose -338 = y*d + f - 6972, 3*d - 3979 = -2*f. Is d a prime number?
True
Is 5/(-3)*6115773/(-155) prime?
True
Let b(r) = 47*r**3 - 5*r**2 - 7*r - 93. Is b(10) composite?
False
Suppose 58*g - 53*g = 15. Suppose -g*k = 5*k - 1048. Suppose -t = 2*l + k - 1087, 0 = -l + 2*t + 483. Is l a composite number?
False
Let t(h) = -h**3 - 14*h**2 + 31*h - 12. Let r be t(-16). Suppose -4*x = -2*g - 15314, -15312 = -2*x - 2*x + r*g. Suppose 24014 - x = 11*q. Is q a prime number?
False
Suppose 3*b + 3*r + 3 = 0, -3*r = 4*b + 10 - 11. Is 1*5 - 14*(b - 581) prime?
False
Let s(r) = 81*r**2 - 123*r + 1405. Is s(11) a composite number?
True
Suppose 3*i + 2*i = -415. Let t be i*(-2)/(-4)*(-11 - -3). Suppose 45*w + t = 49*w. Is w a composite number?
False
Let i = 175 - 170. Suppose 3*p - 2357 = -2*q, 8*p - i*p = 4*q + 2369. Is p a composite number?
False
Let u(t) = 108*t + 1. Let i be 1 + (-3 + 30)/(-3). Let f = i - -15. Is u(f) a composite number?
False
Suppose 102 = -20*z - 14*z. Is (((-359872)/24)/8)/(z/9) a composite number?
False
Let b = -24700 + 310899. Is b prime?
True
Suppose 493566 = 4*q - q + 2*s, 329031 = 2*q - 3*s. Is (-4)/16 + q/32 a composite number?
True
Let j be (2450/91)/7 + (-2)/(-13). Suppose -j*p - y - 31942 = -3*y, -5*p - 3*y = 39900. Is (2 - 3)*(2 + p/3) composite?
False
Suppose 892*o - 896*o + 166944 = 0. Suppose -w = -5*t - 20873, 3*w = 5*w - 5*t - o. Is w a prime number?
False
Suppose -6*w + 7*w + 3*v - 2156 = 0, -4*w + 8597 = 3*v. Is w a prime number?
False
Let j be 937/(-4)*(-720)/60. Let h = j + 298. Is h prime?
True
Suppose 0 = -o + 3*a + 1281, a = 2*o + 2*a - 2541. Suppose 0 = 14*g - 38*g + o. Is g composite?
False
Let y(s) = 132*s**2 + 174*s + 107. Is y(27) prime?
False
Let c = 54627 - 17230. Is c a prime number?
True
Suppose 4*p = -19*g + 24*g + 624920, 2*g - 8 = 0. Is p a prime number?
False
Suppose 10 = 6*y - y. Suppose -2*h = -4*r + 12, h - 2 = -3*r + 2. Suppose -r*f + f + 41 = y*l, l - 2 = 0. Is f a prime number?
True
Let p(x) = -697*x**3 - 4*x**2 - 5*x - 28. Let v(a) = 174*a**3 + a**2 + a + 7. Let y(k) = 2*p(k) + 9*v(k). Is y(4) a composite number?
False
Let t = 62 + -50. Suppose 10*b + t = 12*b. Suppose -5*i - 2*k = -b*k - 7473, k = 3. Is i prime?
False
Suppose m - 2 = -w, 0 = -2*m + w + 6 + 10. Suppose 0 = -v - 2*r, -m*r = -r. Suppose 0 = -v*l - 4*l + 5036. Is l a prime number?
True
Suppose -48*a + 11*a + 1034815 = -589300. Is a a composite number?
True
Let u(j) = -4*j - 277. Suppose -7*g + 3*g = 0. Let l be u(g). Let c = 104 - l. Is c a composite number?
True
Suppose 4*b - 3*r - 379681 = 0, -379683 = -59*b + 55*b + r. Is b a prime number?
False
Let u = 18152 - 10525. Is u a prime number?
False
Is 1/(-3)*((-263824298)/1328 + (-2)/16) a composite number?
False
Let y(r) = -137*r**3 + 16*r**2 + 5*r + 71. Is y(-21) a prime number?
True
Let u = -1917 - -11194. Is u a prime number?
True
Let s(z) = -10*z**3 + 4*z**2 - 10*z - 28 + z**2 - 26. Is s(-5) a prime number?
False
Suppose 61*a + 3*s = 66*a - 1074985, -4*a + 859988 = -5*s. Is a composite?
True
Suppose 5*c - 5*o = 2775, -5*c - 3*o + 2309 = -426. Let p = c + 2185. Suppose 8*d - 3*d = p. Is d a composite number?
False
Suppose 2*l = -16*z + 18*z - 19004, 3*z + 3*l = 28548. Is z composite?
True
Suppose 0 = -234*z + 4*z + 107792030. Is z composite?
False
Let i = -75 + 72. Let s(u) = -u**3 + u**2 + 8*u - 4. Let h be s(i). Suppose h*n - 12*n = -8108. Is n composite?
False
Let k = 3 + 2. Let q be k + -2 - (6 - 9). Let h(i) = 2*i**3 - 4*i**2 + 7*i + 1. Is h(q) prime?
True
Let s(a) = -13*a + 5*a + a - 51*a + 135. Is s(-7) composite?
False
Is (-7)/(-3) - 124766544/(-882) composite?
False
Let w = 213636 - -2577601. Is w a composite number?
False
Suppose -6578236 = -99*t - 889993. Is t prime?
True
Let l = -134 + 130. Suppose 0 = -0*g + g - 153. Let x = g + l. Is x prime?
True
Let v be 2*-3*12/(-36). Suppose 0*w - v*w - 2*m + 566 = 0, -4*w - 5*m + 1131 = 0. Let d = 579 - w. Is d prime?
False
Let x(s) = -37619*s + 2612. Is x(-7) composite?
True
Suppose -5*t + 9 = -4*y + 2, -5*y - 4*t - 19 = 0. Let c = y + 9. Suppose -c*s - 9238 = -32896. Is s prime?
True
Let t be (178/11)/1 - (-4)/(-22). Let r = t + -16. Suppose -13*p + 6*p + 2891 = r. Is p a composite number?
True
Let v = -24 - -26. Let t(c) = 6*c - c**3 + 13*c**2 - 6*c**v - 10*c - 29 + 9*c. Is t(-16) composite?
False
Let x be 1233/13 + (-2)/(-13). Let c = 95 - x. Is 2934 + c - (5 + -4) prime?
False
Let k(n) = 3*n**3 - n**2 - 2*n - 1. Let u be 2/(-4) + 8/(-16). Let s be k(u). Is ((-1)/s)/((-13)/(-17121)) a composite number?
False
Let v = 2626 - -29913. Is v a prime number?
False
Let z(k) = -k**3 - 7*k**2 - 5. Let i(a) = a**3 - 14*a**2 + 13*a - 7. Let m be i(13). Let v be z(m). Let u(r) = 7*r**2 + 5*r + 7. Is u(v) composite?
False
Let w(l) = 37*l**2 + 18*l - 23. Let n(r) = -r**2 + 2*r. Let f(y) = -5*n(y) + w(y). Is f(8) a prime number?
True
Let q = 105948 + -39935. Is q a composite number?
True
Suppose 2989315 = 71*u - 5*u - 2568611. Is u a prime number?
True
Suppose 34*x - 940 = 30*x. Let p be (x - 12) + 1 + 0. Let a = 993 - p. Is a composite?
False
Let k(u) = -118*u**3 - 2*u**2 + 16*u - 17. Let r be k(-7). Suppose 16*i - r = 4313. Is i a composite number?
True
Suppose -43*i + 486617 = -316236. Is i a composite number?
False
Suppose -23*j = -13*j - 90. Let d(u) = 246*u + 22*u - 78*u - 34 + 305*u. Is d(j) a composite number?
False
Suppose 37*o - 1456729 = 3243936. Is o a composite number?
True
Let u(n) = 34*n**2 + 4*n - 27. Let y be u(-7). Let g = -1935 + 791. Let d = y + g. Is d a prime number?
True
Suppose -2*i = 5*w - 718433, -304*i + 5*w = -303*i - 359194. Is i a composite number?
False
Is -26*(-41)/(-1599) + (-943631)/(-3) composite?
False
Let m(t) = -9*t**3 + 6*t**2 + 7*t + 33. Let n(v) = v**3 + 6*v**2 + 8*v - 11. Let f be n(-4). Is m(f) composite?
True
Let u = -96089 + 637054. Is u a composite number?
True
Suppose -6*k = -4521 - 29349. Is k a prime number?
False
Let d(g) = 112*g**2 - 19*g - 132. Is d(-9) a prime number?
False
Let i = 51668 - 12921. Is i prime?
True
Let l(y) = 1740*y**2 - 2*y + 1. Let s be l(1). Suppose 4*v + 232 = 272. Suppose -v*w = s - 8469. Is w a prime number?
True
Suppose -14*i - 13*i = -11188935 + 2400786. Is i composite?
False
Let s = -364973 + 915084. Is s a composite number?
False
Suppose 252*m = 129*m + 135*m - 2814468. Is m a composite number?
False
Suppose -2 + 29 = 3*k. Suppose 0 = k*s - 8799 - 12288. Is s/(-6)*(1 + -3) prime?
False
Let i(g) = -67*g + 37. Let b be i(-19). Suppose -8*z = -o - 6*z + 4101, -12285 = -3*o - 3*z. Suppose 3*d = o - b. Is d a prime number?
True
Suppose 105 - 378 = -21*f. Suppose -17*s = -f*s - 8924. Is s a prime number?
False
Let y = -716542 - -1367453. Is y a composite number?
False